ide 9441?
True
Is 17209 a multiple of 53?
False
Does 41 divide 2542?
True
Is 5 a factor of 840?
True
Does 61 divide 1037?
True
Is 4 a factor of 15916?
True
Is 5142 a multiple of 11?
False
Does 52 divide 30056?
True
Does 66 divide 2904?
True
Does 45 divide 24930?
True
Is 8 a factor of 6978?
False
Is 2 a factor of 1303?
False
Does 81 divide 162?
True
Is 10 a factor of 633?
False
Does 10 divide 319?
False
Is 4689 a multiple of 22?
False
Is 5471 a multiple of 4?
False
Is 8618 a multiple of 31?
True
Is 7418 a multiple of 30?
False
Is 110 a factor of 1278?
False
Is 17 a factor of 3355?
False
Is 372 a multiple of 62?
True
Is 81 a factor of 18615?
False
Is 79 even?
False
Does 9 divide 752?
False
Does 3 divide 1497?
True
Is 3 a factor of 357?
True
Is 4 a factor of 11711?
False
Is 41 a factor of 421?
False
Does 21 divide 25609?
False
Is 138 a factor of 65550?
True
Does 22 divide 594?
True
Is 17226 a multiple of 58?
True
Is 1281 a multiple of 47?
False
Is 1840 a multiple of 4?
True
Is 584 a multiple of 8?
True
Is 48 a factor of 533?
False
Is 4 a factor of 64?
True
Is 6 a factor of 206?
False
Is 11 a factor of 2384?
False
Is 34 a factor of 167?
False
Is 46 a factor of 11524?
False
Does 9 divide 1485?
True
Is 7238 a multiple of 22?
True
Does 18 divide 322?
False
Does 8 divide 11672?
True
Is 6 a factor of 132?
True
Does 26 divide 1092?
True
Does 49 divide 1127?
True
Is 2093 a multiple of 7?
True
Is 13 a factor of 2294?
False
Is 56 a factor of 22512?
True
Is 1771 a multiple of 23?
True
Does 21 divide 252?
True
Is 8160 a multiple of 48?
True
Is 8 a factor of 50840?
True
Is 48 a factor of 4656?
True
Is 3 a factor of 303?
True
Is 21 a factor of 574?
False
Is 35 a factor of 35522?
False
Does 16 divide 8704?
True
Does 7 divide 252?
True
Is 59 a factor of 9379?
False
Does 17 divide 9010?
True
Is 1274 a multiple of 33?
False
Is 24 a factor of 32520?
True
Is 89099 a multiple of 123?
False
Is 154 a factor of 5551?
False
Is 95 a multiple of 4?
False
Is 29 a factor of 282?
False
Is 5 a factor of 645?
True
Is 15366 a multiple of 6?
True
Is 979 a multiple of 81?
False
Is 37 a factor of 297?
False
Does 23 divide 26910?
True
Is 407 a multiple of 37?
True
Is 14 a factor of 22448?
False
Is 55 a factor of 1375?
True
Does 27 divide 1809?
True
Is 14 a factor of 4928?
True
Is 26 a factor of 2366?
True
Is 25 a factor of 1550?
True
Is 29 a factor of 80720?
False
Is 5954 a multiple of 13?
True
Is 43800 a multiple of 40?
True
Is 13 a factor of 68782?
False
Is 1176 a multiple of 21?
True
Is 17789 a multiple of 5?
False
Does 4 divide 76?
True
Is 635 a multiple of 5?
True
Does 35 divide 10815?
True
Does 7 divide 316?
False
Is 690 a multiple of 6?
True
Is 5 a factor of 1310?
True
Is 26 a factor of 4160?
True
Does 30 divide 48536?
False
Is 125 a multiple of 13?
False
Is 15830 a multiple of 63?
False
Does 27 divide 206?
False
Does 4 divide 248?
True
Does 121 divide 2420?
True
Is 7360 a multiple of 4?
True
Does 33 divide 88256?
False
Does 13 divide 13663?
True
Is 31 a factor of 389?
False
Is 61 a multiple of 9?
False
Is 1809 a multiple of 3?
True
Is 30 a factor of 324?
False
Is 957 a multiple of 87?
True
Is 4 a factor of 54?
False
Is 47697 a multiple of 22?
False
Is 62 a factor of 2122?
False
Does 9 divide 5787?
True
Does 47 divide 1880?
True
Is 6 a factor of 3880?
False
Is 19 a factor of 3788?
False
Is 55 a factor of 9479?
False
Is 8 a factor of 275?
False
Is 1151 a multiple of 28?
False
Is 131100 a multiple of 475?
True
Is 15 a factor of 2038?
False
Is 21 a factor of 5894?
False
Is 19 a factor of 12018?
False
Is 208 a factor of 10816?
True
Is 27 a factor of 567?
True
Is 59 a factor of 224?
False
Is 6 a factor of 992?
False
Is 67 a factor of 1580?
False
Does 34 divide 714?
True
Is 543 a multiple of 60?
False
Is 4 a factor of 69?
False
Is 827 a multiple of 53?
False
Does 80 divide 1543?
False
Is 18898 a multiple of 29?
False
Is 90 a factor of 19477?
False
Does 39 divide 14268?
False
Does 7 divide 216?
False
Does 16 divide 25558?
False
Is 3 a factor of 2645?
False
Does 43 divide 4426?
False
Does 34 divide 35752?
False
Is 75 a factor of 3538?
False
Is 23 a factor of 1035?
True
Is 12 a factor of 4771?
False
Does 80 divide 1240?
False
Is 20 a factor of 3919?
False
Is 5564 a multiple of 21?
False
Is 5221 a multiple of 23?
True
Is 1702 a multiple of 46?
True
Is 113 a factor of 2825?
True
Is 1122 a multiple of 9?
False
Does 30 divide 60?
True
Does 74 divide 2967?
False
Is 160 a multiple of 20?
True
Is 1080 a multiple of 54?
True
Does 80 divide 960?
True
Is 7 a factor of 553?
True
Is 1833 a multiple of 141?
True
Is 9 a factor of 28?
False
Is 17714 a multiple of 17?
True
Does 27 divide 4781?
False
Is 6 a factor of 57564?
True
Is 4 a factor of 184?
True
Does 10 divide 4240?
True
Is 36 a factor of 4392?
True
Is 377 a multiple of 13?
True
Does 40 divide 824?
False
Is 106743 a multiple of 174?
False
Is 4686 a multiple of 66?
True
Is 57 a multiple of 3?
True
Does 13 divide 4171?
False
Is 11 a factor of 29231?
False
Is 8 a factor of 336?
True
Does 6 divide 342?
True
Is 16 a factor of 10656?
True
Does 10 divide 63?
False
Is 119 a factor of 2145?
False
Is 1784 a multiple of 20?
False
Is 4575 a multiple of 61?
True
Is 13 a factor of 416?
True
Is 7448 a multiple of 19?
True
Is 18 a factor of 1980?
True
Is 13 a factor of 203?
False
Is 1978 a multiple of 33?
False
Is 8007 a multiple of 36?
False
Is 828 a multiple of 4?
True
Is 3972 a multiple of 39?
False
Does 7 divide 420?
True
Does 3 divide 344?
False
Is 320 a multiple of 25?
False
Is 203 a multiple of 3?
False
Does 16 divide 32?
True
Is 165 a factor of 16170?
True
Is 12 a factor of 384?
True
Is 809 a multiple of 5?
False
Is 4264 a multiple of 8?
True
Does 22 divide 673?
False
Is 14 a factor of 20335?
False
Is 20 a factor of 3811?
False
Is 46 a factor of 276?
True
Is 30 a multiple of 15?
True
Does 5 divide 1102?
False
Does 133 divide 3976?
False
Is 96 a factor of 54432?
True
Is 22932 a multiple of 52?
True
Is 69 a factor of 345?
True
Is 1586 a multiple of 26?
True
Is 185 a factor of 4036?
False
Is 3206 a multiple of 41?
False
Is 8732 a multiple of 12?
False
Does 29 divide 230?
False
Is 225 a multiple of 15?
True
Does 8 divide 80005?
False
Is 12 a factor of 8467?
False
Is 635 a multiple of 16?
False
Is 1142 a multiple of 34?
False
Does 9 divide 207?
True
Does 31 divide 593?
False
Is 47 a multiple of 27?
False
Is 16474 a multiple of 97?
False
Does 10 divide 23130?
True
Is 6 a factor of 549?
False
Is 66 a factor of 24618?
True
Is 45 a multiple of 3?
True
Does 47 divide 461?
False
Does 21 divide 2331?
True
Is 6571 a multiple of 7?
False
Is 300 a multiple of 6?
True
Does 50 divide 51595?
False
Does 121 divide 33880?
True
Is 89 a factor of 17800?
True
Is 14046 a multiple of 52?
False
Is 25 a factor of 28518?
False
Does 6 divide 12399?
False
Is 156 a factor of 23868?
True
Is 986 a multiple of 10?
False
Does 6 divide 120?
True
Is 13725 a multiple of 75?
True
Is 158 a factor of 36899?
False
Does 9 divide 891?
True
Is 7 a factor of 112?
True
Is 123 a factor of 20541?
True
Is 3800 a multiple of 25?
True
Is 11328 a multiple of 8?
True
Does 148 divide 9779?
False
Does 38 divide 1216?
True
Is 702 a multiple of 13?
True
Does 7 divide 20166?
False
Is 15 a factor of 14865?
True
Does 11 divide 38680?
False
Does 87 divide 1392?
True
Does 35 divide 18947?
False
Does 37 divide 2109?
True
Is 28060 a multiple of 92?
True
Is 3035 a multiple of 4?
False
Is 6 a factor of 8235?
False
Does 8 divide 976?
True
Does 41 divide 3991?
False
Is 1875 a multiple of 75?
True
Is 26 a factor of 1196?
True
Is 51 a factor of 5559?
True
Is 8265 a multiple of 95?
True
Is 1449 a multiple of 8?
False
Is 24 a factor of 1440?
True
Is 4095 a multiple of 13?
True
Is 58 a factor of 7366?
True
Is 276 a multiple of 2?
True
Is 138 a factor of 8142?
True
Does 16 divide 9533?
False
Is 9450 a multiple of 15?
True
Does 23 divide 161?
True
Is 13476 a multiple of 12?
True
Is 6 a factor of 5790?
True
Does 95 divide 23871?
False
Is 297 a multiple of 27?
True
Is 288 a multiple of 8?
True
Is 8964 a multiple of 166?
True
Does 28 divide 6048?
True
Is 12320 a multiple of 88?
True
Does 69 divide 1380?
True
Does 13 divide 436?
False
Is 131 a factor of 643?
False
Does 23 divide 349?
False
Is 10600 a multiple of 5?
True
Do